{"id":22,"date":"2022-03-06T19:19:53","date_gmt":"2022-03-06T18:19:53","guid":{"rendered":"http:\/\/193.123.61.87\/?page_id=22"},"modified":"2022-05-01T22:41:47","modified_gmt":"2022-05-01T20:41:47","slug":"corpo-musicale","status":"publish","type":"page","link":"http:\/\/141.148.232.146\/?page_id=22","title":{"rendered":"Corpo Musicale Angerese Santa Cecilia"},"content":{"rendered":"\n<p>Il \u201cCorpo Musicale Angerese Santa Cecilia\u201d \u00e8 un&#8217;orchestra di fiati,&nbsp;complesso musicale formato da strumentii a fiato e a percussione, pi\u00f9 comunemente nota con il nome di &#8220;banda&#8221;, con sede ad Angera. Costituito come associazione culturale, il &#8220;Corpo Musicale Angerese&#8221; si propone di promuovere la cultura musicale, in particolar modo quella bandistica,&nbsp;animando sfilate, cortei e processioni religiose, tenendo concerti, organizzando corsi di musica per tutte le fasce di et\u00e0 e tenendo seminari con i migliori musicisti.&nbsp;Il nostro repertorio \u00e8 piuttosto variegato:&nbsp;eseguiamo brani&nbsp;dal rock al blues, dalla musica leggera al jazz, senza tralasciare l\u2019esecuzione delle migliori colonne sonore di Ennio Morricone e di altri grandi artisti.<\/p>\n\n\n\n<p><strong>Storia recente<\/strong><\/p>\n\n\n\n<p>Dopo il 1999, anno al quale risale il precedente articolo scritto dal maestro Ettore Bardelli, la Banda continua inesorabilmente le sue attivit\u00e0 prendendo parte a servizi musicali in Angera e nei comuni limitrofi; ed in modo particolare a Ranco ed a Taino. Il periodo di maggiore attivit\u00e0 resta comunque il S. Natale: infatti, con il nuovo costume da &#8220;Pivari&#8221;, la Banda viene invitata ai mercatini di Natale di Arona (NO) e di Seregno (MI), ed in modo particolare nella parrocchia del Ceredo, ove don Francesco Ghidini esercitava allora il diaconato; per terminare ovviamente con l&#8217;immancabile &#8220;Piva&#8221; per le vie della nostra amena cittadina.<\/p>\n\n\n\n<p>Nel dicembre del 2000 la banda ricambia una visita ricevuta nel luglio dalla banda di Rancio, in provincia di Lecco. Con un gruppo folkloristico locale e la banda di Rancio, i nostri Pivari, con il loro caratteristico costume, sfilano per le vie di Lecco, suscitando vera ammirazione e consensi molto favorevoli.<img loading=\"lazy\" decoding=\"async\" src=\"http:\/\/www.parrocchie.it\/angera\/mariaassunta\/assoc\/foto\/Lecco_1.jpg\" alt=\"I Pivari a Rancio di Lecco\" width=\"300\" height=\"205\"><\/p>\n\n\n\n<p>Nel 2003, ed in particolar modo nell&#8217;occasione del pranzo sociale di S. Cecilia, il maestro Ettore Bardelli rassegna le proprie dimissioni e dopo un breve periodo di stasi viene nominato il nuovo maestro: Alberto Bottin. Il primo servizio con il nuovo maestro alla direzione \u00e8 al corteo del XXV Aprile 2004 ad Angera. A partire dal mese di settembre 2004 la Banda di Angera viene chiamata in numerose manifestazioni e ricorrenze come l&#8217;inaugurazione della piazza dedicata a &#8220;M. Davi&#8221; a Cadrezzate, la ricorrenza del 50\u00b0 anniversario dell&#8217;elevazione di Angera a citt\u00e0\u2026 e numerose altre.<\/p>\n\n\n\n<p>Sempre nel mese di Settembre si apre la scuola allievi diretta dal maestro A. Bottin con l&#8217;immancabile ausilio di alcuni membri del Corpo Musicale che mettono a disposizione il loro tempo per questo nobile scopo, che riscontra un ottimo successo, vedendo numerosi giovani iscritti.<\/p>\n\n\n\n<p>Nel mese di ottobre per volere dei suonatori viene eletto il consiglio direttivo che vede presidente Augusta Ghiringhelli, che gi\u00e0 fece parte del C.M.A. &#8220;S. Cecilia&#8221;, subentrata alla longeva presidenza di Camillo Falcetta. <img loading=\"lazy\" decoding=\"async\" src=\"http:\/\/www.parrocchie.it\/angera\/mariaassunta\/assoc\/foto\/Maggiora_5.jpg\" alt=\"I Pivari a Maggiora\" width=\"300\" height=\"225\"><\/p>\n\n\n\n<p>Nell&#8217;intenzione di far sentire la cittadinanza sempre e direttamente pi\u00f9 vicina alla Banda vengono ideate le tessere amatoriali &#8220;amico della Banda&#8221;: in questo modo, con un piccolo e libero contributo, ognuno pu\u00f2 diventare sostenitore in prima persona incrementando cos\u00ec il concetto che la banda prima di essere, permetteteci, nostra, \u00e8 specialmente vostra: di tutti colore che la amano ed hanno a cuore il suo continuo ed incessabile sviluppo.<\/p>\n\n\n\n<p>Immediatamente si d\u00e0 il via alla ristrutturazione della sede, che necessitava di numerosi interventi. La parrocchia &#8220;S. M. Assunta&#8221; di Angera si sobbarca le spese per il rifacimento del tetto e dell&#8217;impianto di riscaldamento della palazzina dell&#8217;Oratorio ove ha sede, oltre ovviamente alla Banda, la Schola Cantorum e la biblioteca dell&#8217;Oratorio; a questo proposito il grazie va al nostro parroco don Rino e all&#8217;associazione Ex Oratoriani. La Banda di Angera provvede a sue spese al rifacimento della pavimentazione della sede, alla ristrutturazione dei mobili e ad altri numerosi interventi che con il tempo si sono resi necessari.<\/p>\n\n\n\n<p>Nel contesto del pranzo sociale di S. Cecilia 2004 viene lanciata l&#8217;idea dell&#8217;ambizioso progetto di rifacimento delle divise del Corpo Musicale che, dopo numerosi sforzi, verranno inaugurate con il concerto del 24 aprile presso la sala consiliare del Palazzo Comunale di Angera.<img loading=\"lazy\" decoding=\"async\" src=\"http:\/\/www.parrocchie.it\/angera\/mariaassunta\/assoc\/foto\/assago_4.jpg\" alt=\"I Pivari ad Assago\" width=\"300\" height=\"225\"> Un grande ringraziamento deve andare al sindaco, Dott. Vittorio Ponti, per la disponibilit\u00e0 e generosit\u00e0 dimostrataci.<\/p>\n\n\n\n<p>Nella ricorrenza del S. Natale 2004 il Corpo Musicale Angerese &#8220;S. Cecilia&#8221; viene invitato nei mercatini natalizi di Maggiora (NO), Arona (NO) ed Assago (MI).<\/p>\n\n\n\n<p>Con l&#8217;avvento del nuovo anno (2005) la Banda di Angera procede, sotto la guida del maestro, ad un rinnovamento ed ampliamento del repertorio in preparazione alle numerosissime ed impegnative attivit\u00e0 che si prospettano negli immediati orizzonti.<\/p>\n\n\n\n<p>Il Presidente A.G.<br>Il Maestro A.B.<\/p>\n\n\n\n<p>Maggiori informazioni sono presenti sul sito: <a href=\"https:\/\/www.cmscecilia.com\/\" target=\"_blank\" rel=\"noreferrer noopener\">https:\/\/www.cmscecilia.com\/<\/a><\/p>\n","protected":false},"excerpt":{"rendered":"<p>Il \u201cCorpo Musicale Angerese Santa Cecilia\u201d \u00e8 un&#8217;orchestra di fiati,&nbsp;complesso musicale formato da strumentii a fiato e a percussione, pi\u00f9 comunemente nota con il nome di &#8220;banda&#8221;, con sede ad Angera. Costituito come associazione culturale,&#8230;<\/p>\n","protected":false},"author":1,"featured_media":0,"parent":0,"menu_order":0,"comment_status":"closed","ping_status":"closed","template":"","meta":{"footnotes":""},"class_list":["post-22","page","type-page","status-publish","hentry"],"yoast_head":"<!-- This site is optimized with the Yoast SEO plugin v20.6 - https:\/\/yoast.com\/wordpress\/plugins\/seo\/ -->\n<title>Corpo Musicale Angerese Santa Cecilia - Comunit\u00e0 Pastorale &quot;San Carlo Borromeo&quot;<\/title>\n<meta name=\"description\" content=\"Il \u201cCorpo Musicale Angerese Santa Cecilia\u201d \u00e8 un&#039;orchestra di fiati, complesso musicale formato da strumentii a fiato e a percussione, pi\u00f9 comunemente nota con il nome di &quot;banda&quot;, con sede ad Angera.\" \/>\n<meta name=\"robots\" content=\"index, follow, max-snippet:-1, max-image-preview:large, max-video-preview:-1\" \/>\n<link rel=\"canonical\" href=\"http:\/\/141.148.232.146\/?page_id=22\" \/>\n<meta property=\"og:locale\" content=\"it_IT\" \/>\n<meta property=\"og:type\" content=\"article\" \/>\n<meta property=\"og:title\" content=\"Corpo Musicale Angerese Santa Cecilia - Comunit\u00e0 Pastorale &quot;San Carlo Borromeo&quot;\" \/>\n<meta property=\"og:description\" content=\"Il \u201cCorpo Musicale Angerese Santa Cecilia\u201d \u00e8 un&#039;orchestra di fiati, complesso musicale formato da strumentii a fiato e a percussione, pi\u00f9 comunemente nota con il nome di &quot;banda&quot;, con sede ad Angera.\" \/>\n<meta property=\"og:url\" content=\"http:\/\/141.148.232.146\/?page_id=22\" \/>\n<meta property=\"og:site_name\" content=\"Comunit\u00e0 Pastorale &quot;San Carlo Borromeo&quot;\" \/>\n<meta property=\"article:modified_time\" content=\"2022-05-01T20:41:47+00:00\" \/>\n<meta property=\"og:image\" content=\"http:\/\/www.parrocchie.it\/angera\/mariaassunta\/assoc\/foto\/Lecco_1.jpg\" \/>\n<meta name=\"twitter:card\" content=\"summary_large_image\" \/>\n<meta name=\"twitter:label1\" content=\"Tempo di lettura stimato\" \/>\n\t<meta name=\"twitter:data1\" content=\"5 minuti\" \/>\n<script type=\"application\/ld+json\" class=\"yoast-schema-graph\">{\"@context\":\"https:\/\/schema.org\",\"@graph\":[{\"@type\":\"WebPage\",\"@id\":\"http:\/\/141.148.232.146\/?page_id=22\",\"url\":\"http:\/\/141.148.232.146\/?page_id=22\",\"name\":\"Corpo Musicale Angerese Santa Cecilia - Comunit\u00e0 Pastorale &quot;San Carlo Borromeo&quot;\",\"isPartOf\":{\"@id\":\"http:\/\/141.148.232.146\/#website\"},\"datePublished\":\"2022-03-06T18:19:53+00:00\",\"dateModified\":\"2022-05-01T20:41:47+00:00\",\"description\":\"Il \u201cCorpo Musicale Angerese Santa Cecilia\u201d \u00e8 un'orchestra di fiati, complesso musicale formato da strumentii a fiato e a percussione, pi\u00f9 comunemente nota con il nome di \\\"banda\\\", con sede ad Angera.\",\"breadcrumb\":{\"@id\":\"http:\/\/141.148.232.146\/?page_id=22#breadcrumb\"},\"inLanguage\":\"it-IT\",\"potentialAction\":[{\"@type\":\"ReadAction\",\"target\":[\"http:\/\/141.148.232.146\/?page_id=22\"]}]},{\"@type\":\"BreadcrumbList\",\"@id\":\"http:\/\/141.148.232.146\/?page_id=22#breadcrumb\",\"itemListElement\":[{\"@type\":\"ListItem\",\"position\":1,\"name\":\"Home\",\"item\":\"http:\/\/141.148.232.146\/\"},{\"@type\":\"ListItem\",\"position\":2,\"name\":\"Corpo Musicale Angerese Santa Cecilia\"}]},{\"@type\":\"WebSite\",\"@id\":\"http:\/\/141.148.232.146\/#website\",\"url\":\"http:\/\/141.148.232.146\/\",\"name\":\"Comunit\u00e0 Pastorale &quot;San Carlo Borromeo&quot;\",\"description\":\"\",\"potentialAction\":[{\"@type\":\"SearchAction\",\"target\":{\"@type\":\"EntryPoint\",\"urlTemplate\":\"http:\/\/141.148.232.146\/?s={search_term_string}\"},\"query-input\":\"required name=search_term_string\"}],\"inLanguage\":\"it-IT\"}]}<\/script>\n<!-- \/ Yoast SEO plugin. -->","yoast_head_json":{"title":"Corpo Musicale Angerese Santa Cecilia - Comunit\u00e0 Pastorale &quot;San Carlo Borromeo&quot;","description":"Il \u201cCorpo Musicale Angerese Santa Cecilia\u201d \u00e8 un'orchestra di fiati, complesso musicale formato da strumentii a fiato e a percussione, pi\u00f9 comunemente nota con il nome di \"banda\", con sede ad Angera.","robots":{"index":"index","follow":"follow","max-snippet":"max-snippet:-1","max-image-preview":"max-image-preview:large","max-video-preview":"max-video-preview:-1"},"canonical":"http:\/\/141.148.232.146\/?page_id=22","og_locale":"it_IT","og_type":"article","og_title":"Corpo Musicale Angerese Santa Cecilia - Comunit\u00e0 Pastorale &quot;San Carlo Borromeo&quot;","og_description":"Il \u201cCorpo Musicale Angerese Santa Cecilia\u201d \u00e8 un'orchestra di fiati, complesso musicale formato da strumentii a fiato e a percussione, pi\u00f9 comunemente nota con il nome di \"banda\", con sede ad Angera.","og_url":"http:\/\/141.148.232.146\/?page_id=22","og_site_name":"Comunit\u00e0 Pastorale &quot;San Carlo Borromeo&quot;","article_modified_time":"2022-05-01T20:41:47+00:00","og_image":[{"url":"http:\/\/www.parrocchie.it\/angera\/mariaassunta\/assoc\/foto\/Lecco_1.jpg"}],"twitter_card":"summary_large_image","twitter_misc":{"Tempo di lettura stimato":"5 minuti"},"schema":{"@context":"https:\/\/schema.org","@graph":[{"@type":"WebPage","@id":"http:\/\/141.148.232.146\/?page_id=22","url":"http:\/\/141.148.232.146\/?page_id=22","name":"Corpo Musicale Angerese Santa Cecilia - Comunit\u00e0 Pastorale &quot;San Carlo Borromeo&quot;","isPartOf":{"@id":"http:\/\/141.148.232.146\/#website"},"datePublished":"2022-03-06T18:19:53+00:00","dateModified":"2022-05-01T20:41:47+00:00","description":"Il \u201cCorpo Musicale Angerese Santa Cecilia\u201d \u00e8 un'orchestra di fiati, complesso musicale formato da strumentii a fiato e a percussione, pi\u00f9 comunemente nota con il nome di \"banda\", con sede ad Angera.","breadcrumb":{"@id":"http:\/\/141.148.232.146\/?page_id=22#breadcrumb"},"inLanguage":"it-IT","potentialAction":[{"@type":"ReadAction","target":["http:\/\/141.148.232.146\/?page_id=22"]}]},{"@type":"BreadcrumbList","@id":"http:\/\/141.148.232.146\/?page_id=22#breadcrumb","itemListElement":[{"@type":"ListItem","position":1,"name":"Home","item":"http:\/\/141.148.232.146\/"},{"@type":"ListItem","position":2,"name":"Corpo Musicale Angerese Santa Cecilia"}]},{"@type":"WebSite","@id":"http:\/\/141.148.232.146\/#website","url":"http:\/\/141.148.232.146\/","name":"Comunit\u00e0 Pastorale &quot;San Carlo Borromeo&quot;","description":"","potentialAction":[{"@type":"SearchAction","target":{"@type":"EntryPoint","urlTemplate":"http:\/\/141.148.232.146\/?s={search_term_string}"},"query-input":"required name=search_term_string"}],"inLanguage":"it-IT"}]}},"_links":{"self":[{"href":"http:\/\/141.148.232.146\/index.php?rest_route=\/wp\/v2\/pages\/22","targetHints":{"allow":["GET"]}}],"collection":[{"href":"http:\/\/141.148.232.146\/index.php?rest_route=\/wp\/v2\/pages"}],"about":[{"href":"http:\/\/141.148.232.146\/index.php?rest_route=\/wp\/v2\/types\/page"}],"author":[{"embeddable":true,"href":"http:\/\/141.148.232.146\/index.php?rest_route=\/wp\/v2\/users\/1"}],"replies":[{"embeddable":true,"href":"http:\/\/141.148.232.146\/index.php?rest_route=%2Fwp%2Fv2%2Fcomments&post=22"}],"version-history":[{"count":4,"href":"http:\/\/141.148.232.146\/index.php?rest_route=\/wp\/v2\/pages\/22\/revisions"}],"predecessor-version":[{"id":122,"href":"http:\/\/141.148.232.146\/index.php?rest_route=\/wp\/v2\/pages\/22\/revisions\/122"}],"wp:attachment":[{"href":"http:\/\/141.148.232.146\/index.php?rest_route=%2Fwp%2Fv2%2Fmedia&parent=22"}],"curies":[{"name":"wp","href":"https:\/\/api.w.org\/{rel}","templated":true}]}}